t of t(z)?
1
What is the ten thousands digit of 1/7 - (-52923844)/1708?
3
Let r be (-29)/9 + 145/45 + -3. What is the units digit of r*(-2 + 126)*(-7)/7?
2
Let n(u) = 1188*u**3 + 8*u**2 - 6*u + 4. Let p(y) = -1189*y**3 - 7*y**2 + 5*y - 3. Let x(f) = -3*n(f) - 4*p(f). What is the tens digit of x(1)?
9
Suppose -30840 = -61*x + 55*x. What is the hundreds digit of x?
1
Suppose 2*p - 400 = -150. Let i be ((-3675)/55 - -3) + 4/(-22). Let k = p + i. What is the tens digit of k?
6
Let y = -1232 + 512. Let a = -425 - y. What is the hundreds digit of a?
2
Let b be (3*(-66)/9)/(-1). Suppose 7*m = 5*m + b. Suppose -m*i - 242 = -13*i. What is the units digit of i?
1
Let h(w) = 6*w**3 - 7*w**2 + 10*w - 6. Let f(t) = -7*t**3 + 6*t**2 - 9*t + 5. Let x(z) = -6*f(z) - 5*h(z). Let l = 54 + -52. What is the units digit of x(l)?
0
Suppose -3*j = -5*p + 2, -4*p - 28 = 7*j - 2*j. Let s be j/22 + (-70)/(-22). Suppose 5*z = 2*z - s*v + 201, 5*z = v + 329. What is the tens digit of z?
6
Let l(f) = 35*f - 132. Let a be l(4). Suppose o - 4*r - 1621 = 0, 2*o + 13*r - 3307 = a*r. What is the hundreds digit of o?
6
Let l(h) = -h**2 + h + 161. Suppose -9*m + 28 = -5*m. Suppose m*t = 4*t. What is the tens digit of l(t)?
6
Suppose 307864 = 126*g - 10*g. What is the hundreds digit of g?
6
Suppose -9*w + 59*w - 11216 = 164234. What is the thousands digit of w?
3
Suppose 2*c + 15648 + 31177 = 5*m, 0 = -3*m - 5*c + 28126. Suppose -19*p + 35264 = m. What is the hundreds digit of p?
3
Let a = -1 + 138. Let t = a + -35. What is the hundreds digit of t?
1
Let h(f) = -f**3 + 2*f**2 - 3*f + 1. Let j be h(1). Let i be ((-3)/(-9))/(j/(-9)). Suppose -396 = -i*a - g, 4*a + 2*g = -g + 533. What is the tens digit of a?
3
Suppose -18*v - 513 - 189 = 0. What is the hundreds digit of (-6)/v + (-86618)/(-91)?
9
Let i(k) = k**2 - 9*k - 31. Let o be (-3)/1 - (-10 - 3 - -1). Let r be i(o). Let f = r - -50. What is the units digit of f?
9
Suppose 3*l + 407 = 1130. Suppose -4*h + l + 167 = -3*z, h + 3*z - 87 = 0. What is the units digit of h?
9
Let w(f) = -f**3 - 37*f**2 - 42*f - 59. Let g(b) = -b**3 - 16*b**2 - 3*b - 85. Let m be g(-16). What is the thousands digit of w(m)?
1
Let o(l) = 4*l**3 - l**2 + 16*l - 24. Let h(g) = -g**3 - 5*g + 8. Let m(c) = 7*h(c) + 2*o(c). Let i be m(4). Let k = i - 26. What is the units digit of k?
2
Suppose -53 + 158 = 15*u. Let s be (-306)/(-7) + u/(-98)*-4. What is the units digit of s/(-2)*(2/4 - 2)?
3
Let k(h) = -2*h**2 + 12*h - 2. Let z be k(6). Let b(t) = 131*t**2 - 2*t - 3. Let f be b(z). Suppose 6*p - 11*p + f = 0. What is the hundreds digit of p?
1
What is the thousands digit of 33715 - (3 - -20 - 40)?
3
Let o(u) = 199*u - 3. Let g be o(7). Suppose -3*a + 1955 = -g. What is the thousands digit of a?
1
Let h(n) = -3*n**2 + 30*n + 25. Let p(f) = -4*f**2 + 31*f + 24. Let o(l) = 5*h(l) - 4*p(l). Let u be o(-17). Let r = 230 + u. What is the hundreds digit of r?
1
Let p = -2552 - -8220. What is the hundreds digit of p?
6
Suppose 40 = 5*a, y + 3*a - 5309 = a. What is the hundreds digit of y?
2
Let n = 912 + 228. Suppose -24 - n = -4*g. Suppose -14*t + g = -381. What is the tens digit of t?
4
Let o = -58 - 287. What is the tens digit of (0 + -1)*(o - 11)?
5
Suppose 3*z + 24 = 3*a, -2*a + 0*z + 3*z = -12. Let r be ((50 - 5)/5)/((-2)/a). What is the units digit of 1540/(-30)*r/21?
2
Suppose -4*k = 3*p - 11, -9 - 18 = -3*k + 4*p. Suppose q = -4*w + 4*q + 1622, 4*w - 1638 = -k*q. What is the hundreds digit of w?
4
Let k = 115 - -2747. Suppose 3178 + k = 10*r. What is the tens digit of r?
0
Let m be 3 - (-42 + 3 + 3). Suppose -m*x = -34*x - 15. Suppose x*c - 380 = -92. What is the units digit of c?
6
Suppose -5883085 - 1262209 = -398*h. What is the thousands digit of h?
7
Suppose 23*j - 22*j = -3*t + 5516, 5*j + 3*t = 27640. What is the units digit of j?
1
Let h be 3/((-9)/(-3) - (-342)/(-120)). Suppose h*v - 1080 = 16*v. What is the units digit of v?
0
Suppose -4*q = -3*q - 5*s + 5, 2*q - 4*s = -22. What is the hundreds digit of 17368/40 - (27/q + 1)?
4
Suppose 0*j + 3*t = 2*j - 133, 5*t + 15 = 0. Suppose 3*f = s - j - 77, -3*f = s - 145. Suppose -3*u + p = 3*p - 446, u + 2*p = s. What is the tens digit of u?
5
What is the thousands digit of (-19702 + -11)*(-1 - 6/(-9))?
6
Let n = 9070 - -6590. Suppose 33*t - n = 15657. What is the units digit of t?
9
Suppose 13*n = 3*n + 30. Suppose 3*v = -12, 0 = -5*c - 4*v + 2 - n. Suppose -f + 5*s = -55, c*s - s - 50 = -2*f. What is the tens digit of f?
3
Suppose 127*k - 295491 = 166281. What is the tens digit of k?
3
Suppose -6*u + 48 = -0*u. Let o(q) = -q + 4. Let k be o(u). Let z(s) = s**2 - 3. What is the units digit of z(k)?
3
Let d = 21703 - -15186. What is the tens digit of d?
8
Let p be 4/(-18) - (1 + 11/(-9)). Suppose p = -10*t + 9*t + 569. What is the units digit of t?
9
What is the units digit of 78/(((130/(-8021))/(-2))/5)?
6
Let v be 1080/21*(11/3 - -1). Suppose 0 = -5*n + n + v. What is the tens digit of n?
6
Let b(d) = -d**2 + 10*d + 16. Let n be b(11). Suppose -62 = n*w - 17. What is the units digit of ((-249)/w)/(4/12)?
3
Let m = -404 - -422. Suppose 0 = 5*w - 5*g - 4800, -5*g + 2888 = -m*w + 21*w. What is the hundreds digit of w?
9
Let u = -3359 + 4803. What is the tens digit of u?
4
Suppose -28 + 10 = -9*i. Let w(h) = 5*h**2 - 6*h - 4. Let g be w(-5). Suppose i*s - 47 - g = 0. What is the tens digit of s?
9
Suppose 5*s - 2*h = s + 30, h = 5*s - 33. Let v(b) = 12*b - 22. Let r be v(s). Let o = -45 + r. What is the units digit of o?
5
Let r(k) = -7*k**2 + 14*k - 19. Let x be r(-9). Let j = x + 1078. What is the hundreds digit of j?
3
Suppose 2*n = 18 - 12. Suppose 570 = 3*j - n*m - 375, -m - 2 = 0. What is the hundreds digit of j?
3
Let g(i) = 13*i**3 + 5*i**2 + 2*i + 9. Let b(t) = -t**3 + t**2. Let m(f) = 6*b(f) - g(f). What is the units digit of m(-3)?
9
Let h(n) = 88*n**2 - 14*n - 113. What is the tens digit of h(14)?
3
Let n(z) be the first derivative of -z**4/4 - 4*z**3/3 - 5*z**2/2 + 2*z + 90. What is the hundreds digit of n(-9)?
4
Let f(u) = -7*u - 40. Let x be f(7). Let n = -28 - x. Let k = n + 135. What is the units digit of k?
6
Suppose -3*i - 498 = 4*d + 2*i, 0 = -3*d - 5*i - 371. Let c = -120 - d. Suppose -2*h + 4*t = -194, h = c*t - 2*t + 100. What is the units digit of h?
5
Let g be 60/14 - 26/91 - -15. Suppose o - 24 = g. What is the units digit of o?
3
Let f be (-53)/(-5) - (-40)/100. Suppose 3*m - 12 = 0, 2*p + m - 3 = f. Suppose -4*s - 3*t + 186 + 37 = 0, -p*s + 245 = -3*t. What is the units digit of s?
2
Suppose 2*t - 10875 = -3*i + 4271, 22704 = 3*t + 2*i. What is the units digit of t?
4
Let x be (-2)/8 - 247/(-76). Let d(o) = -723 - 16*o - 4*o**3 - 14*o**2 + 695 + 3*o**x. What is the hundreds digit of d(-14)?
1
Let n = -9054 - -10497. What is the hundreds digit of n?
4
Suppose 0 = -37*f + 91896 + 22767. What is the units digit of f?
9
Suppose -5*y = -3*c + 8*c + 70, 4*c = 5*y + 25. What is the hundreds digit of 357 + -1*(y - -7)?
3
Let o(l) = -l**2 + 3*l - 13. Let c(d) = -d**2 + 3*d - 14. Let k(h) = -2*c(h) + 3*o(h). Let a be k(11). Let m = -50 - a. What is the units digit of m?
9
Let m be 768/21 + (-40)/70. Suppose -m*s + 54*s - 2826 = 0. What is the units digit of s?
7
Suppose 0 = 8*x - 7*x + 5*p - 33, -4*x = 2*p - 150. Suppose -5*c = -x*f + 41*f - 2615, -4405 = -5*f + c. What is the units digit of f?
0
Suppose -5*o + 20*o = 225. Suppose 23240 = 20*c + o*c. What is the tens digit of c?
6
Suppose -3*n + 136269 = 4*u, -5*u - 25*n + 170340 = -22*n. What is the ten thousands digit of u?
3
Let f(i) = 2*i**2 + 6*i + 5. Let s be f(-3). Suppose -36 = s*w + 144. Let g = 64 + w. What is the units digit of g?
8
Let j(o) = o**3 + 4*o**2 - 12*o - 4. Let x(m) = -2*m**2 - 5*m + 6. Let y be x(-4). Let r be j(y). What is the tens digit of 4/(-10)*r*(-150)/(-1)?
4
Let n be 1/((-10)/(-15)) - (-2)/4. Let k be 3/(-3) + (-2)/n. What is the units digit of 1*k/4*-122*1?
1
Suppose -56*r + 202 = -302. What is the hundreds digit of r - 1/(9/(-16515))?
8
Let h(p) be the third derivative of p**5/20 - 13*p**4/24 - 25*p**3/3 + 199*p**2. What is the hundreds digit of h(-7)?
1
Let s be 233 - -8 - ((-2 - 0) + 4). Let x = s + 94. What is the tens digit of x?
3
Let b(g) = -g**2 + 12*g + 75. Suppose 6*j - 5*j + 3 = 3*z, 0 = 2*